55 is divided by 816?
7
What is the remainder when 336 is divided by 249?
87
Calculate the remainder when 194 is divided by 14.
12
What is the remainder when 5308 is divided by 4?
0
Calculate the remainder when 5026 is divided by 88.
10
What is the remainder when 734 is divided by 18?
14
Calculate the remainder when 97 is divided by 17.
12
What is the remainder when 1858 is divided by 31?
29
What is the remainder when 74 is divided by 26?
22
Calculate the remainder when 421 is divided by 50.
21
Calculate the remainder when 232 is divided by 194.
38
Calculate the remainder when 1509 is divided by 102.
81
Calculate the remainder when 15599 is divided by 24.
23
Calculate the remainder when 542 is divided by 46.
36
Calculate the remainder when 225 is divided by 63.
36
What is the remainder when 37 is divided by 15?
7
What is the remainder when 775 is divided by 12?
7
What is the remainder when 166 is divided by 8?
6
Calculate the remainder when 745 is divided by 380.
365
What is the remainder when 620 is divided by 117?
35
Calculate the remainder when 4584 is divided by 5.
4
What is the remainder when 43 is divided by 23?
20
Calculate the remainder when 903 is divided by 226.
225
What is the remainder when 4593 is divided by 143?
17
What is the remainder when 212 is divided by 17?
8
Calculate the remainder when 32 is divided by 14.
4
Calculate the remainder when 86 is divided by 28.
2
What is the remainder when 478 is divided by 31?
13
Calculate the remainder when 507 is divided by 216.
75
Calculate the remainder when 184 is divided by 55.
19
What is the remainder when 448 is divided by 18?
16
Calculate the remainder when 200 is divided by 93.
14
What is the remainder when 472 is divided by 51?
13
What is the remainder when 336 is divided by 85?
81
What is the remainder when 2198 is divided by 29?
23
What is the remainder when 34797 is divided by 200?
197
What is the remainder when 527 is divided by 520?
7
Calculate the remainder when 4784 is divided by 42.
38
What is the remainder when 206 is divided by 177?
29
Calculate the remainder when 411 is divided by 70.
61
What is the remainder when 3002 is divided by 23?
12
Calculate the remainder when 227 is divided by 72.
11
What is the remainder when 401 is divided by 154?
93
What is the remainder when 1116 is divided by 32?
28
Calculate the remainder when 160 is divided by 23.
22
Calculate the remainder when 4479 is divided by 54.
51
Calculate the remainder when 319 is divided by 32.
31
What is the remainder when 252 is divided by 85?
82
Calculate the remainder when 662 is divided by 334.
328
Calculate the remainder when 136 is divided by 23.
21
Calculate the remainder when 346 is divided by 341.
5
What is the remainder when 180 is divided by 65?
50
Calculate the remainder when 412 is divided by 61.
46
What is the remainder when 1614 is divided by 8?
6
What is the remainder when 2392 is divided by 171?
169
Calculate the remainder when 78 is divided by 10.
8
Calculate the remainder when 200 is divided by 94.
12
What is the remainder when 489 is divided by 12?
9
Calculate the remainder when 69 is divided by 48.
21
What is the remainder when 262 is divided by 44?
42
What is the remainder when 5354 is divided by 18?
8
Calculate the remainder when 237 is divided by 38.
9
What is the remainder when 878 is divided by 7?
3
Calculate the remainder when 31 is divided by 21.
10
Calculate the remainder when 1700 is divided by 443.
371
Calculate the remainder when 574 is divided by 72.
70
Calculate the remainder when 76 is divided by 42.
34
Calculate the remainder when 440 is divided by 148.
144
What is the remainder when 9283 is divided by 43?
38
What is the remainder when 110 is divided by 17?
8
Calculate the remainder when 1716 is divided by 571.
3
What is the remainder when 2720 is divided by 29?
23
What is the remainder when 128 is divided by 90?
38
What is the remainder when 847 is divided by 142?
137
Calculate the remainder when 805 is divided by 8.
5
What is the remainder when 1046 is divided by 3?
2
Calculate the remainder when 3629 is divided by 79.
74
Calculate the remainder when 127 is divided by 16.
15
What is the remainder when 137 is divided by 25?
12
What is the remainder when 283 is divided by 17?
11
Calculate the remainder when 94 is divided by 29.
7
Calculate the remainder when 35678 is divided by 160.
158
What is the remainder when 60 is divided by 25?
10
What is the remainder when 159 is divided by 40?
39
Calculate the remainder when 7558 is divided by 15.
13
Calculate the remainder when 45 is divided by 15.
0
Calculate the remainder when 4605 is divided by 47.
46
Calculate the remainder when 807 is divided by 275.
257
What is the remainder when 1478 is divided by 699?
80
What is the remainder when 1781 is divided by 27?
26
Calculate the remainder when 2426 is divided by 110.
6
Calculate the remainder when 15623 is divided by 30.
23
What is the remainder when 30 is divided by 25?
5
Calculate the remainder when 440 is divided by 37.
33
Calculate the remainder when 764 is divided by 59.
56
What is the remainder when 336 is divided by 69?
60
What is the remainder when 89 is divided by 30?
29
Calculate the remainder when 130 is divided by 37.
19
Calculate the remainder when 1215 is divided by 16.
15
Calculate the remainder when 70 is divided by 22.
4
Calculate the remainder when 312 is divided by 15.
12
Calculate the remainder when 3925 is divided by 21.
19
Calculate the remainder when 49 is divided by 10.
9
What is the remainder when 4533 is divided by 284?
273
Calculate the remainder when 378 is divided by 170.
38
Calculate the remainder when 294 is divided by 196.
98
What is the remainder when 261 is divided by 70?
51
What is the remainder when 2125 is divided by 38?
35
Calculate the remainder when 10761 is divided by 117.
114
Calculate the remainder when 1726 is divided by 160.
126
What is the remainder when 8 is divided by 5?
3
What is the remainder when 1829 is divided by 47?
43
Calculate the remainder when 447 is divided by 82.
37
Calculate the remainder when 144 is divided by 101.
43
What is the remainder when 781 is divided by 59?
14
What is the remainder when 49922 is divided by 129?
128
What is the remainder when 60 is divided by 5?
0
Calculate the remainder when 317 is divided by 64.
61
Calculate the remainder when 91 is divided by 14.
7
Calculate the remainder when 101 is divided by 26.
23
Calculate the remainder when 10 is divided by 3.
1
Calculate the remainder when 2066 is divided by 90.
86
What is the remainder when 415 is divided by 13?
12
Calculate the remainder when 427 is divided by 65.
37
What is the remainder when 574 is divided by 97?
89
Calculate the remainder when 391 is divided by 14.
13
Calculate the remainder when 360 is divided by 19.
18
What is the remainder when 1111 is divided by 1091?
20
Calculate the remainder when 116 is divided by 15.
11
Calculate the remainder when 62 is divided by 13.
10
Calculate the remainder when 100 is divided by 53.
47
Calculate the remainder when 868 is divided by 505.
363
Calculate the remainder when 705 is divided by 26.
3
What is the remainder when 890 is divided by 20?
10
Calculate the remainder when 792 is divided by 37.
15
Calculate the remainder when 66 is divided by 40.
26
Calculate the remainder when 6332 is divided by 35.
32
Calculate the remainder when 2772 is divided by 75.
72
What is the remainder when 121 is divided by 18?
13
Calculate the remainder when 361 is divided by 349.
12
Calculate the remainder when 76 is divided by 41.
35
What is the remainder when 635 is divided by 227?
181
What is the remainder when 3029 is divided by 602?
19
What is the remainder when 79 is divided by 31?
17
What is the remainder when 429 is divided by 72?
69
Calculate the remainder when 171 is divided by 39.
15
What is the remainder when 2805 is divided by 8?
5
Calculate the remainder when 1920 is divided by 51.
33
Calculate the remainder when 327 is divided by 85.
72
What is the remainder when 99 is divided by 5?
4
What is the remainder when 547 is divided by 262?
23
What is the remainder when 2705 is divided by 66?
65
What is the remainder when 407 is divided by 321?
86
Calculate the remainder when 1867 is divided by 22.
19
What is th